{"id":2,"date":"2024-03-04T10:51:32","date_gmt":"2024-03-04T10:51:32","guid":{"rendered":"https:\/\/zerowasteserbia.com\/?page_id=2"},"modified":"2024-03-07T12:55:45","modified_gmt":"2024-03-07T12:55:45","slug":"sample-page","status":"publish","type":"page","link":"https:\/\/zerowasteserbia.com\/index.php\/sample-page\/","title":{"rendered":"Dobrodo\u0161li na Zaro waste Serbia"},"content":{"rendered":"\n<p>Asocijacija za upravljanje otpadom \u201eZero Waste Serbia\u201c je osnovano 2005. godine u Beogradu sa ciljem da svoje aktivnosti usmeri ka problemu zbrinjavanja otpada, prevencije zaga\u0111enja, cirkularna ekonomija i za\u0161tite \u017eivotne sredine, kao i unapre\u0111enja kvaliteta \u017eivota najpre u Beogradu i Srbiji, ambicioznije u regionu Balkana, a prate\u0107i svetska iskustva na tom polju.<\/p>\n\n\n<p>Asocijacija je registrovana za pru\u017eanje usluga outsourcing upravljanje posebnim tokovima otpada.<\/p>\n\n\n<p>Zero Waste je filozofija koji \u0107e navoditi gra\u0111ane da upotrebu resursa i procesa prilagode tako, da ne remeti prirodne cikluse. Cilj te filozofije je stvaranje okru\u017eenja u kome ne postoji otpad. Svaki deo procesa proizvodnje mora biti tako isplaniran, da se ni\u0161ta ne generi\u0161e kao otpad koji nije mogu\u0107e vratiti (reciklirati) u proces proizvodnje. Svaki izlazni proizvod \u010dije je odredi\u0161te zemlja, vazduh ili voda, ni pod kojim uslovima ne sme da remeti zdravlje na planeti.<\/p>\n\n\n<p>kontakt: zwserbia@gmail.com<\/p>\n\t\t\n\t\t\t<style>\/*! elementor - v3.19.0 - 28-02-2024 *\/\n.elementor-widget-image{text-align:center}.elementor-widget-image a{display:inline-block}.elementor-widget-image a img[src$=\".svg\"]{width:48px}.elementor-widget-image img{vertical-align:middle;display:inline-block}<\/style>\t\t\t\t\t\t\t\t\t\t<img decoding=\"async\" width=\"525\" height=\"84\" src=\"https:\/\/zerowasteserbia.com\/wp-content\/uploads\/2024\/03\/slide0290_image051.jpg\" alt=\"\" srcset=\"https:\/\/zerowasteserbia.com\/wp-content\/uploads\/2024\/03\/slide0290_image051.jpg 750w, https:\/\/zerowasteserbia.com\/wp-content\/uploads\/2024\/03\/slide0290_image051-300x48.jpg 300w\" sizes=\"(max-width: 525px) 100vw, 525px\" \/>","protected":false},"excerpt":{"rendered":"<p>Asocijacija za upravljanje otpadom \u201eZero Waste Serbia\u201c je osnovano 2005. godine u Beogradu sa ciljem da svoje aktivnosti usmeri ka problemu zbrinjavanja otpada, prevencije zaga\u0111enja, cirkularna ekonomija i za\u0161tite \u017eivotne sredine, kao i unapre\u0111enja kvaliteta \u017eivota najpre u Beogradu i Srbiji, ambicioznije u regionu Balkana, a prate\u0107i svetska iskustva na tom polju. Asocijacija je registrovana [&hellip;]<\/p>\n","protected":false},"author":1,"featured_media":0,"parent":0,"menu_order":0,"comment_status":"closed","ping_status":"open","template":"","meta":{"footnotes":""},"class_list":["post-2","page","type-page","status-publish","hentry"],"_links":{"self":[{"href":"https:\/\/zerowasteserbia.com\/index.php\/wp-json\/wp\/v2\/pages\/2","targetHints":{"allow":["GET"]}}],"collection":[{"href":"https:\/\/zerowasteserbia.com\/index.php\/wp-json\/wp\/v2\/pages"}],"about":[{"href":"https:\/\/zerowasteserbia.com\/index.php\/wp-json\/wp\/v2\/types\/page"}],"author":[{"embeddable":true,"href":"https:\/\/zerowasteserbia.com\/index.php\/wp-json\/wp\/v2\/users\/1"}],"replies":[{"embeddable":true,"href":"https:\/\/zerowasteserbia.com\/index.php\/wp-json\/wp\/v2\/comments?post=2"}],"version-history":[{"count":7,"href":"https:\/\/zerowasteserbia.com\/index.php\/wp-json\/wp\/v2\/pages\/2\/revisions"}],"predecessor-version":[{"id":29,"href":"https:\/\/zerowasteserbia.com\/index.php\/wp-json\/wp\/v2\/pages\/2\/revisions\/29"}],"wp:attachment":[{"href":"https:\/\/zerowasteserbia.com\/index.php\/wp-json\/wp\/v2\/media?parent=2"}],"curies":[{"name":"wp","href":"https:\/\/api.w.org\/{rel}","templated":true}]}}